is the greatest common divisor of 36 and 64?
4
Calculate the highest common factor of 1001 and 385.
77
Calculate the highest common divisor of 110 and 3960.
110
What is the greatest common factor of 6 and 75?
3
What is the highest common factor of 41 and 1763?
41
What is the greatest common factor of 544 and 51?
17
What is the greatest common factor of 52 and 468?
52
What is the highest common divisor of 21 and 2429?
7
Calculate the greatest common divisor of 45 and 8631.
9
What is the greatest common divisor of 4 and 366?
2
Calculate the greatest common factor of 3487 and 11.
11
Calculate the highest common factor of 57 and 1159.
19
Calculate the highest common factor of 93 and 124.
31
Calculate the greatest common divisor of 33 and 836.
11
Calculate the greatest common factor of 99 and 9.
9
Calculate the greatest common divisor of 513 and 207.
9
Calculate the highest common factor of 54 and 15534.
18
Calculate the highest common factor of 80 and 50.
10
What is the highest common divisor of 243 and 6399?
81
What is the highest common factor of 4777 and 17?
17
Calculate the highest common divisor of 238 and 224.
14
Calculate the highest common divisor of 152 and 72.
8
What is the greatest common divisor of 156 and 208?
52
What is the highest common factor of 218 and 218?
218
What is the greatest common factor of 7 and 511?
7
What is the greatest common divisor of 884 and 1157?
13
What is the highest common factor of 49 and 18963?
49
What is the highest common divisor of 3322 and 66?
22
What is the highest common divisor of 87 and 580?
29
What is the highest common factor of 3124 and 132?
44
What is the highest common factor of 270 and 2010?
30
Calculate the highest common divisor of 69 and 184.
23
Calculate the greatest common factor of 7774 and 46.
46
What is the highest common divisor of 612 and 51?
51
Calculate the highest common divisor of 1385 and 115.
5
Calculate the greatest common divisor of 475 and 38.
19
Calculate the highest common divisor of 2 and 118.
2
Calculate the greatest common divisor of 1215 and 255.
15
Calculate the highest common divisor of 18 and 542.
2
Calculate the highest common divisor of 292 and 30514.
146
Calculate the greatest common factor of 45 and 2.
1
What is the highest common factor of 2 and 1?
1
Calculate the highest common divisor of 65 and 185.
5
Calculate the highest common factor of 11961 and 81.
27
What is the highest common divisor of 1456 and 2464?
112
Calculate the greatest common factor of 291 and 388.
97
Calculate the greatest common divisor of 20944 and 17.
17
What is the highest common divisor of 75 and 30?
15
Calculate the highest common factor of 76 and 2261.
19
What is the highest common factor of 1100 and 100?
100
Calculate the highest common factor of 1743 and 9213.
249
Calculate the highest common factor of 9 and 2.
1
What is the highest common divisor of 528 and 990?
66
What is the greatest common factor of 68 and 2074?
34
Calculate the greatest common divisor of 2872 and 8.
8
Calculate the greatest common factor of 23287 and 319.
319
What is the greatest common factor of 55 and 1375?
55
What is the greatest common factor of 117 and 4953?
39
Calculate the highest common factor of 999 and 703.
37
Calculate the highest common divisor of 2867 and 122.
61
Calculate the greatest common factor of 319 and 1798.
29
Calculate the greatest common factor of 80 and 250.
10
Calculate the highest common divisor of 66 and 979.
11
What is the greatest common divisor of 1515 and 101?
101
Calculate the highest common factor of 280 and 2744.
56
Calculate the greatest common divisor of 3562 and 274.
274
What is the highest common factor of 4234 and 292?
146
What is the greatest common factor of 548 and 40?
4
What is the highest common factor of 306 and 72?
18
Calculate the greatest common divisor of 150 and 200.
50
Calculate the highest common factor of 220 and 1870.
110
Calculate the highest common factor of 110 and 2450.
10
Calculate the greatest common factor of 500 and 3875.
125
Calculate the highest common factor of 10 and 45910.
10
Calculate the highest common divisor of 27 and 1899.
9
Calculate the greatest common factor of 72 and 117.
9
What is the greatest common divisor of 143 and 33?
11
Calculate the highest common divisor of 94 and 47.
47
What is the greatest common factor of 238 and 714?
238
Calculate the highest common factor of 594 and 88.
22
What is the greatest common factor of 2 and 8972?
2
Calculate the highest common factor of 126 and 70.
14
What is the greatest common factor of 35 and 10955?
35
What is the greatest common factor of 60 and 1815?
15
What is the greatest common factor of 24 and 9?
3
Calculate the greatest common divisor of 42 and 714.
42
What is the greatest common factor of 472 and 88?
8
Calculate the greatest common divisor of 600 and 280.
40
What is the highest common factor of 306 and 4794?
102
What is the highest common divisor of 79 and 7031?
79
Calculate the highest common divisor of 648 and 288.
72
Calculate the greatest common divisor of 232 and 174.
58
What is the highest common factor of 384 and 18?
6
Calculate the greatest common divisor of 415 and 8383.
83
Calculate the highest common divisor of 7490 and 35.
35
Calculate the greatest common factor of 240 and 75.
15
What is the greatest common divisor of 32 and 360?
8
What is the greatest common factor of 940 and 20?
20
What is the greatest common divisor of 16 and 400?
16
Calculate the highest common factor of 74 and 296.
74
What is the highest common divisor of 366 and 3294?
366
What is the greatest common divisor of 999 and 387?
9
What is the greatest common factor of 118 and 2242?
118
Calculate the greatest common factor of 125 and 5.
5
What is the greatest common divisor of 4500 and 72?
36
Calculate the highest common divisor of 63 and 672.
21
Calculate the highest common factor of 100 and 3100.
100
Calculate the greatest common factor of 6 and 14.
2
What is the highest common factor of 192 and 3?
3
Calculate the highest common factor of 18 and 1458.
18
Calculate the highest common factor of 203 and 560.
7
Calculate the highest common divisor of 31 and 899.
31
Calculate the greatest common factor of 840 and 6960.
120
Calculate the highest common factor of 36 and 2034.
18
Calculate the greatest common factor of 44 and 407.
11
Calculate the highest common divisor of 352 and 64.
32
What is the highest common factor of 6 and 5514?
6
What is the greatest common divisor of 162 and 2?
2
Calculate the greatest common factor of 555 and 333.
111
What is the highest common divisor of 5688 and 1224?
72
Calculate the greatest common factor of 192 and 60.
12
Calculate the greatest common factor of 27 and 684.
9
Calculate the highest common factor of 24 and 1064.
8
What is the greatest common factor of 9 and 9?
9
What is the highest common divisor of 153 and 51?
51
What is the highest common factor of 20 and 820?
20
Calculate the highest common divisor of 1120 and 40.
40
Calculate the greatest common divisor of 54 and 318.
6
What is the highest common divisor of 800 and 150?
50
What is the highest common divisor of 1071 and 126?
63
Calculate the highest common factor of 121 and 825.
11
Calculate the highest common divisor of 658 and 224.
14
Calculate the highest common divisor of 148 and 1073.
37
What is the greatest common divisor of 50 and 450?
50
What is the greatest common divisor of 54916 and 4?
4
Calculate the greatest common factor of 176 and 616.
88
Calculate the highest common divisor of 267 and 712.
89
What is the greatest common factor of 40 and 8900?
20
Calculate the greatest common factor of 198 and 405.
9
Calculate the highest common divisor of 207 and 276.
69
Calculate the greatest common factor of 272 and 144.
16
What is the greatest common divisor of 10 and 50?
10
What is the highest common divisor of 29216 and 352?
352
What is the greatest common factor of 1121 and 236?
59
What is the highest common divisor of 2747 and 123?
41
What is the highest common divisor of 9898 and 1010?
202
What is the highest common divisor of 120 and 51840?
120
What is the highest common divisor of 84 and 280?
28
Calculate the greatest common divisor of 355 and 5.
5
What is the highest common divisor of 42 and 462?
42
Cal